{"id":3135,"date":"2020-05-07T17:04:46","date_gmt":"2020-05-07T20:04:46","guid":{"rendered":"http:\/\/furrierliss.com.br\/?post_type=product&#038;p=3135"},"modified":"2020-05-07T17:04:46","modified_gmt":"2020-05-07T20:04:46","slug":"mascara-matizadora-black-nutrition-furrierliss","status":"publish","type":"product","link":"http:\/\/furrierliss.com.br\/index.php\/produto\/mascara-matizadora-black-nutrition-furrierliss\/","title":{"rendered":"M\u00e1scara Matizadora Black Nutrition Furrierliss"},"content":{"rendered":"<p>Trata e reduz pontas duplas. Prolonga e protege a cor.<\/p>\n","protected":false},"excerpt":{"rendered":"<p><strong>BLOND FOREVER &#8211;\u00a0 GREY \u2013 BLACK<\/strong><\/p>\n<p>EFEITO PLATINADO<\/p>\n<p>MATIZA TONS AMARELADOS E ALARANJADOS,<\/p>\n<p>CABELOS DESCOLORIDOS E COM MECHAS<\/p>\n<p><strong>EXTRATO DE BABOSA:<\/strong><\/p>\n<p>A babosa oferta as vitaminas A, C, E, B1, B2, B3, B12 e B13, al\u00e9m de vinte minerais e dezoito amino\u00e1cidos. Pesquisadores constataram que a babosa possui outras subst\u00e2ncias ben\u00e9ficas que auxiliam na sa\u00fade dos cabelos. Ela possui mais de 200 componentes vegetais ativos, conhecidos como fitos nutrientes.<\/p>\n<p>Por ter uma grande concentra\u00e7\u00e3o de amino\u00e1cidos e polissacar\u00eddeos, a planta realiza uma limpeza profunda dos poros do couro cabeludo eliminando todas aquelas impurezas indesejadas e os res\u00edduos em excesso que deixam os cabelos com aspecto sujo. \u00c9 completamente eficaz na hidrata\u00e7\u00e3o dos cabelos. Pois ela age com a sua gama de nutrientes na luta contra o ressecamento. Para os cabelos secos e opacos, ela pode proporcionar brilho, maciez e prevenir o efeito frizz.<\/p>\n<p><strong>D-PANTHENOLL \u2013 PANTENOL<\/strong><\/p>\n<p>Abaixa os frizz \/ Hidrata \/ Diminui o ressecamento \/ Controla a oleosidade do coro cabeludo \/ Ajuda no crescimento e Fortalecimento \/ E \u00e9 um \u00f3timo finalizador.<\/p>\n<p>Proporciona hidrata\u00e7\u00e3o prolongada, resist\u00eancia, maleabilidade, leveza, brilho, redu\u00e7\u00e3o das pontas duplas e ajuda na recupera\u00e7\u00e3o dos fios, j\u00e1 que ele consegue, lentamente, chegar na raiz dos fios, que \u00e9 onde se metaboliza o \u00e1cido pantot\u00eanico. Esse ingrediente \u00e9 \u00fatil para o tratamento de cabelos quimicamente danificados pois \u00e9 capaz de promover a regenera\u00e7\u00e3o da fibra capilar.<\/p>\n<p>&nbsp;<\/p>\n","protected":false},"featured_media":3137,"template":"","meta":[],"_links":{"self":[{"href":"http:\/\/furrierliss.com.br\/index.php\/wp-json\/wp\/v2\/product\/3135"}],"collection":[{"href":"http:\/\/furrierliss.com.br\/index.php\/wp-json\/wp\/v2\/product"}],"about":[{"href":"http:\/\/furrierliss.com.br\/index.php\/wp-json\/wp\/v2\/types\/product"}],"version-history":[{"count":1,"href":"http:\/\/furrierliss.com.br\/index.php\/wp-json\/wp\/v2\/product\/3135\/revisions"}],"predecessor-version":[{"id":3157,"href":"http:\/\/furrierliss.com.br\/index.php\/wp-json\/wp\/v2\/product\/3135\/revisions\/3157"}],"wp:featuredmedia":[{"embeddable":true,"href":"http:\/\/furrierliss.com.br\/index.php\/wp-json\/wp\/v2\/media\/3137"}],"wp:attachment":[{"href":"http:\/\/furrierliss.com.br\/index.php\/wp-json\/wp\/v2\/media?parent=3135"}],"curies":[{"name":"wp","href":"https:\/\/api.w.org\/{rel}","templated":true}]}}